 w?
3, 11
Let r = -1 + 3. Let t be -2 - -49*(r + -1). Suppose 4*k + 2*i = i + 39, 5*i = 2*k - t. What are the prime factors of k?
11
Suppose -64 = -2*s - l, 4*s + 2*l - 128 = -3*l. What are the prime factors of s?
2
List the prime factors of 0 + -1 + 2 - (-25 + -41).
67
Suppose -151 = 2*s - 39. Let r be s/(-10) - (-4)/10. Let h = r + -2. What are the prime factors of h?
2
Let t = -14 - -8. List the prime factors of (-1)/(1/t) - -2.
2
Let f(x) = 17*x**2. What are the prime factors of f(-1)?
17
Let r(k) be the first derivative of k**2/2 + 3*k + 7. List the prime factors of r(4).
7
Let o(i) = -2*i**3 - 2*i**2 + i - 4. Let v be o(-3). Suppose v = 2*s - 1. Let x = 28 - s. What are the prime factors of x?
13
Suppose 0 = 6*n - 4*n - 78. What are the prime factors of n?
3, 13
Let z be (-2 + -1)/(6/(-40)). Let m = 12 + z. List the prime factors of m.
2
Suppose 4*t + 90 = -5*p - 35, 1 = -p. Let c be (t/35)/(2/(-14)). Suppose -14 - c = -4*i. List the prime factors of i.
5
Let q(p) = p**3 + 12*p**2 - 14*p - 3. What are the prime factors of q(-13)?
2, 5
Let d(w) = 2*w + 4*w - 1 - 2*w + 5*w**2 - 3*w. Let a be d(1). What are the prime factors of (-6)/(-7)*(a - -16)?
2, 3
Suppose 0 = 3*v + 5*g - 52, 3*v = 5*v + 5*g - 38. What are the prime factors of v?
2, 7
Let n(w) = -2*w**3 + w**2 + 7*w + 2. What are the prime factors of n(-4)?
2, 59
Let f = 0 + 1. Suppose 2*o + f = o. List the prime factors of (-1)/(o/6) - 2.
2
What are the prime factors of (-36)/(-9) - (-372 - -1)?
3, 5
Suppose r - c - c + 2 = 0, 3 = -5*r + 3*c. Suppose -f - 152 = -4*u, r*f + 3*f = 4*u - 160. What are the prime factors of u?
37
Suppose 0 = -7*g - g + 1408. What are the prime factors of g?
2, 11
Suppose d - 4 = -2. Let x = d - 0. Suppose x*s = -2*s + 16. What are the prime factors of s?
2
Let m(d) = d - 6. Let j be m(8). Suppose -s + 8 = -0. Suppose 0 = -y + w - 0*w + s, -3*y = -j*w - 24. List the prime factors of y.
2
List the prime factors of 0 + (-3 + 1)*-22.
2, 11
Let l(p) = p**2 + 6*p - 4. Let u be l(-3). What are the prime factors of -2 - -2 - (u - -1)?
2, 3
Suppose 6*l - 113 = 3*l + 2*u, 118 = 3*l - u. Suppose -3*w = -l - 28. What are the prime factors of w?
23
Let w be (3/2)/(3/4). Suppose -3*n - 2*p + 1 = -6*p, 0 = w*n - 5*p + 4. Suppose 0 = -n*g + 12 + 15. List the prime factors of g.
3
What are the prime factors of 184 + 2/(-6)*-6 + -2?
2, 23
What are the prime factors of ((-44)/(-2))/2 + -3?
2
Suppose -4*n + k + 4 = 3*k, -12 = -2*n + 4*k. Suppose -5*o - 7 = -2*p, 0*o = 2*o - n. Let u = 1 + p. List the prime factors of u.
7
Let s = -50 + 60. List the prime factors of s.
2, 5
Suppose 3*k + 4*l - 71 = 0, -6*k = -3*k - 3*l - 78. Suppose k = 2*z + 3*z + 5*g, 0 = -4*z + 3*g + 27. What are the prime factors of z?
2, 3
Let v be ((-45)/(-6))/3*2. Suppose -f - 7 = -5*h - 2, -v*f - h = -53. List the prime factors of f.
2, 5
Suppose -4*c = 2*o - o - 12, -4*o = 0. Suppose -c*a + 13 = -14. List the prime factors of a.
3
Let j = -9 - -105. What are the prime factors of j?
2, 3
Suppose -3*c + 4*c = 6. List the prime factors of ((-4)/c)/((-20)/510).
17
Let y(o) be the first derivative of o**2/2 - 1. Let t be y(0). What are the prime factors of (0 - -1) + (5 - t)?
2, 3
Suppose -2*h = -3*u - 0*h - 11, u - h + 4 = 0. List the prime factors of u/21 - 85/(-7).
2, 3
Let c be (3 - 6) + 3 - 0. Suppose -4*p + 3*j - j + 76 = 0, -4*p - j + 64 = c. List the prime factors of p.
17
Let z(a) = 0 + 1 - a + 3*a + 4*a**2 + 0. Let t be z(2). Suppose -5*g + 69 = -t. List the prime factors of g.
2, 3
Suppose -2*j + h = 3*h - 16, -h = 4*j - 17. Suppose -1 = -2*d + j, -f + 21 = -5*d. Suppose -f = -3*x + 5. What are the prime factors of x?
2, 3
Suppose -p + 4*c + 69 + 25 = 0, -5*c = -4*p + 431. What are the prime factors of p?
2, 3, 19
Let z(l) = 2*l**3 - 2*l**2 + 1. Let k be z(2). Let u(v) = 2*v - 8. What are the prime factors of u(k)?
2, 5
List the prime factors of 113 - (0 + (2 - 4)).
5, 23
Let u(j) = j + 15. What are the prime factors of u(0)?
3, 5
Let j(m) = 5*m + 7. Suppose -b - 15 = 5*g, -4*b + 5*g + 0*g + 40 = 0. What are the prime factors of j(b)?
2
Let b(j) = 4*j + 16. Let s(x) = -x + 1. Let w(a) = 2*a - 1. Let l(r) = 3*s(r) + 2*w(r). Let f(i) = b(i) - 5*l(i). What are the prime factors of f(8)?
3
Let g(s) = s - 2. Let v be g(2). Suppose v = -5*h + 7*h - 4. List the prime factors of h.
2
Let r be (0 + -1 - 1) + 2. Let x be (-4)/10 - 148/(-20). Let m = x + r. List the prime factors of m.
7
Suppose x - 5*x = 44. Let g(k) = k**2 + 9*k - 12. Let r(d) = 2*d**2 + 18*d - 25. Let s(u) = -5*g(u) + 3*r(u). List the prime factors of s(x).
7
Suppose -20 = -0*w - w. Suppose -3*j = -8*j + w. What are the prime factors of 4/1*(j - 1)?
2, 3
Let o(k) = 7*k - 1. Let c be o(3). Suppose j = 4*n - 5*n + c, 3*n - 36 = 3*j. List the prime factors of n.
2
Let o = 6 - 1. Suppose t - o*k = 31, 3*t + t = -4*k + 4. What are the prime factors of t?
2, 3
Let w(v) = -v**2 - 1. Let h(g) = -4*g**2 + 0*g + 4*g - 3*g + 6*g - 6. Let t(p) = -h(p) + 3*w(p). List the prime factors of t(9).
3, 7
What are the prime factors of 3082/10 + (-22)/110?
2, 7, 11
Let o be 4 + -4 + 0 + 0. Suppose 64 = 4*m - o*m. What are the prime factors of m?
2
Let t = -21 - -26. What are the prime factors of t?
5
Let l(b) = -9*b - 1. Let z(j) = -8*j - 1. Let d(g) = 5*l(g) - 4*z(g). Let v be d(-1). Let m = 24 - v. What are the prime factors of m?
2, 3
Let h = 7 + -3. Let x = -8 + 8. Suppose p - a - h*a - 10 = x, 0 = 4*p + 3*a - 40. What are the prime factors of p?
2, 5
Let u(r) = r**3 + 5*r**2 + 2*r + 4. Let n be (1*-3)/((-9)/(-12)). What are the prime factors of u(n)?
2, 3
Let z = 600 - 293. List the prime factors of z.
307
Suppose 2*b - u + 12 - 48 = 0, -4*b + 5*u = -84. Let c = b - -11. Suppose 0 = -3*m - 0*m + c. What are the prime factors of m?
3
Let m(i) = -i**3 + 9*i**2 + 15*i + 10. What are the prime factors of m(10)?
2, 3, 5
Let y(o) = 5*o**3 - 3*o**2 + o + 2. Let n(h) = -h**3 + h**2 - h - 1. Let v(z) = -n(z) - y(z). Let b be v(1). What are the prime factors of (1 + b)*(-30)/12?
5
Suppose -v + 1 = 4*z - 4, v - 5 = 4*z. Let a(r) = -3*r + z + 0 - 2*r. List the prime factors of a(-2).
2, 5
Suppose -5 + 9 = -4*b. Let a(t) = 2*t**2 - t - 1. List the prime factors of a(b).
2
Suppose 2 = -i - 0*i. What are the prime factors of 15 + (1 + i)*1?
2, 7
List the prime factors of (-1)/(-6)*(-4 + 1)*-214.
107
Let g(w) = -w**2 + 7*w + 4. Let p be g(6). Suppose 2*z + p + 4 = 0. Let r = z + 13. What are the prime factors of r?
2, 3
Let y be 3/1 - (-232)/4. Suppose -g + 7 = q + 4, 2*g - 2 = -q. Suppose 0 = -q*f + 7 + y. List the prime factors of f.
17
Suppose -4*g - 12 = -7*g. Suppose -5*v - g*i + 140 = -v, v - 33 = -2*i. List the prime factors of v.
37
List the prime factors of (-9)/(-15) + 297/5.
2, 3, 5
Let c = 13 + -11. Suppose z - c*z + 2 = 0. List the prime factors of z.
2
Suppose 4*w = 5*x - 143, 2*x - 72 = 4*w - 10. Suppose x + 21 = 4*v. What are the prime factors of v?
2, 3
Let q be 44/10 - 14/35. Let a be q/14 + (-188)/(-28). Let i = a - 1. What are the prime factors of i?
2, 3
Let p(t) = -t**3 - 5*t**2 - 7*t - 6. List the prime factors of p(-5).
29
Let z be (0 - 0)/(12/4). Suppose -5*c + c = 0. What are the prime factors of -2 + (c - (-10 - z))?
2
Let g(m) = m**2 - 7*m + 1. Let z(a) be the third derivative of a**4/12 - 5*a**3/6 - 2*a**2. Let n be z(7). List the prime factors of g(n).
19
List the prime factors of ((-66)/10)/(((-176)/385)/16).
3, 7, 11
Let t(f) = 2*f - 11. Let z be t(8). Suppose -z - 3 = -4*s. Suppose -3*b + b + 61 = 5*m, 0 = -s*b - 4. List the prime factors of m.
13
Suppose -4*n + 170 = -110. List the prime factors of n.
2, 5, 7
Let n(q) = 0*q + 3*q + 0*q + q**2 - 6 + 0*q**2. List the prime factors of n(-5).
2
Suppose 20 = 4*u - 0*u - 5*j, 0 = -j. Suppose -18 = 2*t - u*t. List the prime factors of t.
2, 3
Let h(b) = b - 4. Let y be h(2). Let t(c) = 2*c**2 + 2*c - 2. What are the prime factors of t(y)?
2
Let s(q) = q**2 - q - 4. Let y be s(3). Suppose 0 = -f - g + 1, 0*f - g = y*f - 7. What are the prime factors of f?
2, 3
Suppose 72 = d + 3*d. Suppose 0 = -w + 5*p - d + 74, 144 = 4*w - 4*p. What are the prime factors of w?
31
Suppose 31*o = 35*o + 216. Let j = -37 - o. List the prime factors of j.
17
Let q(g) = g + 3. Let x be q(4). Suppose x*s = 4*